{"id":562,"date":"2017-11-13T22:23:47","date_gmt":"2017-11-13T21:23:47","guid":{"rendered":"http:\/\/www.metalm.rs\/main\/?page_id=562"},"modified":"2018-03-19T12:15:32","modified_gmt":"2018-03-19T11:15:32","slug":"sediste-za-kadu-sa-naslonom","status":"publish","type":"page","link":"https:\/\/www.metalmpr.rs\/main\/?page_id=562","title":{"rendered":"Sedi\u0161te za kadu sa naslonom"},"content":{"rendered":"<p>Sigurnosno sedi\u0161te za kadu izra\u0111eno od plastificiranih metalnih cevi i \u010dvrste plastike.<\/p>\n<p>\u0160irina sedi\u0161ta je podesiva.<\/p>\n<p>Dimenzije\u00a0(\u0160xDxV): 42 x 38 x 27 cm.<br \/>\n\u0160irina izme\u0111u naslona za kadu: 44 \u2013 51 cm.<\/p>\n<p><span style=\"color: #800000;\">Maksimalna te\u017eina korisnika: 110 kg.<\/span><\/p>\n<p><img decoding=\"async\" loading=\"lazy\" class=\"alignleft wp-image-564\" src=\"http:\/\/www.metalm.rs\/main\/wp-content\/uploads\/stolica-za-kadu-sa-naslonom-1024x612.jpg\" alt=\"\" width=\"626\" height=\"374\" srcset=\"https:\/\/www.metalmpr.rs\/main\/wp-content\/uploads\/stolica-za-kadu-sa-naslonom-1024x612.jpg 1024w, https:\/\/www.metalmpr.rs\/main\/wp-content\/uploads\/stolica-za-kadu-sa-naslonom-300x179.jpg 300w, https:\/\/www.metalmpr.rs\/main\/wp-content\/uploads\/stolica-za-kadu-sa-naslonom-768x459.jpg 768w\" sizes=\"(max-width: 626px) 100vw, 626px\" \/><\/p>\n","protected":false},"excerpt":{"rendered":"<p>Sigurnosno sedi\u0161te za kadu izra\u0111eno od plastificiranih metalnih cevi i \u010dvrste plastike. \u0160irina sedi\u0161ta je podesiva. Dimenzije\u00a0(\u0160xDxV): 42 [&hellip;]<\/p>\n","protected":false},"author":1,"featured_media":0,"parent":20,"menu_order":0,"comment_status":"closed","ping_status":"closed","template":"","meta":[],"_links":{"self":[{"href":"https:\/\/www.metalmpr.rs\/main\/index.php?rest_route=\/wp\/v2\/pages\/562"}],"collection":[{"href":"https:\/\/www.metalmpr.rs\/main\/index.php?rest_route=\/wp\/v2\/pages"}],"about":[{"href":"https:\/\/www.metalmpr.rs\/main\/index.php?rest_route=\/wp\/v2\/types\/page"}],"author":[{"embeddable":true,"href":"https:\/\/www.metalmpr.rs\/main\/index.php?rest_route=\/wp\/v2\/users\/1"}],"replies":[{"embeddable":true,"href":"https:\/\/www.metalmpr.rs\/main\/index.php?rest_route=%2Fwp%2Fv2%2Fcomments&post=562"}],"version-history":[{"count":6,"href":"https:\/\/www.metalmpr.rs\/main\/index.php?rest_route=\/wp\/v2\/pages\/562\/revisions"}],"predecessor-version":[{"id":569,"href":"https:\/\/www.metalmpr.rs\/main\/index.php?rest_route=\/wp\/v2\/pages\/562\/revisions\/569"}],"up":[{"embeddable":true,"href":"https:\/\/www.metalmpr.rs\/main\/index.php?rest_route=\/wp\/v2\/pages\/20"}],"wp:attachment":[{"href":"https:\/\/www.metalmpr.rs\/main\/index.php?rest_route=%2Fwp%2Fv2%2Fmedia&parent=562"}],"curies":[{"name":"wp","href":"https:\/\/api.w.org\/{rel}","templated":true}]}}