{"id":692,"date":"2019-11-30T17:05:48","date_gmt":"2019-11-30T16:05:48","guid":{"rendered":"http:\/\/www.metalm.rs\/main\/?page_id=692"},"modified":"2020-06-19T21:58:34","modified_gmt":"2020-06-19T19:58:34","slug":"transportna-traka","status":"publish","type":"page","link":"https:\/\/www.metalmpr.rs\/main\/?page_id=692","title":{"rendered":"Letvasti transporter"},"content":{"rendered":"<p><img decoding=\"async\" loading=\"lazy\" class=\"size-full wp-image-698\" src=\"http:\/\/www.metalm.rs\/main\/wp-content\/uploads\/traketransp.jpg\" alt=\"\" width=\"592\" height=\"307\" srcset=\"https:\/\/www.metalmpr.rs\/main\/wp-content\/uploads\/traketransp.jpg 592w, https:\/\/www.metalmpr.rs\/main\/wp-content\/uploads\/traketransp-300x156.jpg 300w\" sizes=\"(max-width: 592px) 100vw, 592px\" \/><\/p>\n<p style=\"text-align: justify;\"><strong>Proizvodimo letvaste transportere za transport pakovane robe i PET ambala\u017ee raznih veli\u010dina i te\u017eina. Mogu biti razli\u010dite du\u017eine i \u0161irine prema va\u0161im potrebama serijske proizvodnje.\u00a0<\/strong><\/p>\n<p style=\"text-align: justify;\"><img decoding=\"async\" loading=\"lazy\" class=\"alignleft wp-image-703\" src=\"http:\/\/www.metalm.rs\/main\/wp-content\/uploads\/trake4-1024x260.png\" alt=\"\" width=\"586\" height=\"149\" srcset=\"https:\/\/www.metalmpr.rs\/main\/wp-content\/uploads\/trake4-1024x260.png 1024w, https:\/\/www.metalmpr.rs\/main\/wp-content\/uploads\/trake4-300x76.png 300w, https:\/\/www.metalmpr.rs\/main\/wp-content\/uploads\/trake4-768x195.png 768w, https:\/\/www.metalmpr.rs\/main\/wp-content\/uploads\/trake4-1536x390.png 1536w, https:\/\/www.metalmpr.rs\/main\/wp-content\/uploads\/trake4-2048x521.png 2048w\" sizes=\"(max-width: 586px) 100vw, 586px\" \/><\/p>\n<p style=\"text-align: center;\">Letvice su od drveta, traka je laka i izdr\u017eljiva.<\/p>\n","protected":false},"excerpt":{"rendered":"<p>Proizvodimo letvaste transportere za transport pakovane robe i PET ambala\u017ee raznih veli\u010dina i te\u017eina. Mogu biti razli\u010dite du\u017eine [&hellip;]<\/p>\n","protected":false},"author":1,"featured_media":0,"parent":20,"menu_order":6,"comment_status":"closed","ping_status":"closed","template":"","meta":[],"_links":{"self":[{"href":"https:\/\/www.metalmpr.rs\/main\/index.php?rest_route=\/wp\/v2\/pages\/692"}],"collection":[{"href":"https:\/\/www.metalmpr.rs\/main\/index.php?rest_route=\/wp\/v2\/pages"}],"about":[{"href":"https:\/\/www.metalmpr.rs\/main\/index.php?rest_route=\/wp\/v2\/types\/page"}],"author":[{"embeddable":true,"href":"https:\/\/www.metalmpr.rs\/main\/index.php?rest_route=\/wp\/v2\/users\/1"}],"replies":[{"embeddable":true,"href":"https:\/\/www.metalmpr.rs\/main\/index.php?rest_route=%2Fwp%2Fv2%2Fcomments&post=692"}],"version-history":[{"count":21,"href":"https:\/\/www.metalmpr.rs\/main\/index.php?rest_route=\/wp\/v2\/pages\/692\/revisions"}],"predecessor-version":[{"id":733,"href":"https:\/\/www.metalmpr.rs\/main\/index.php?rest_route=\/wp\/v2\/pages\/692\/revisions\/733"}],"up":[{"embeddable":true,"href":"https:\/\/www.metalmpr.rs\/main\/index.php?rest_route=\/wp\/v2\/pages\/20"}],"wp:attachment":[{"href":"https:\/\/www.metalmpr.rs\/main\/index.php?rest_route=%2Fwp%2Fv2%2Fmedia&parent=692"}],"curies":[{"name":"wp","href":"https:\/\/api.w.org\/{rel}","templated":true}]}}